e i(-1).
-7
Let f(w) be the first derivative of -5/2*w**2 - 5*w + 14. Suppose 3*d + 20 = -d. Give f(d).
20
Suppose 150*c - 729*c - 666*c + 335 = -910. Let p(b) = -33*b - 5. Let q(s) = -17*s - 2. Let x(h) = -3*p(h) + 7*q(h). What is x(c)?
-19
Let r(c) = -3*c + 46. Let j = -8499 - -8499. Calculate r(j).
46
Let r(i) be the second derivative of -i**4/12 + i**3/2 - 2*i**2 - 95*i - 3. Determine r(5).
-14
Let f(q) = 274 - q - q**2 + 1208*q**3 - 139 - 137 - 1207*q**3. Calculate f(3).
13
Let t(s) = -10*s**3 + s**2 - 1. Suppose -a - 10 + 1 = -4*n, -4*n + 4*a = -24. Determine t(n).
-10
Let v(q) = -q**3 + 8600*q**2 - 17179*q**2 - 3*q + 6 - 8*q + 11 + 8589*q**2. Give v(9).
-1
Let g(h) = 223*h + 11372. Let f be g(-51). Let x(m) = -5*m**3 + 2*m - 2. Let w(l) = 26*l**3 - 11*l + 11. Let k(z) = -2*w(z) - 11*x(z). Determine k(f).
-3
Let s(o) = 10*o + 62. Let i be s(-4). Let c(z) = 14*z - 306. Let b be c(i). Let m(j) = 16*j - 2. Determine m(b).
30
Suppose -u - u = -136. Let k = 73 - u. Suppose h - 14 = -k*d, d + 6 - 11 = 2*h. Let c(g) = 15*g**2 + g + 1. Calculate c(h).
15
Suppose 5*s + 4*f + 0*f - 151 = 0, 2*s = 3*f + 65. Let z(u) = 30*u**2 + 10 - 5*u - s*u**2 - 6. What is z(-5)?
4
Let v(b) = b - 6. Let t = 4366 - 4366. Determine v(t).
-6
Let o(l) = 3*l**2 - 16*l + 10. Let b be o(4). Let h(x) = -7*x - 8. Give h(b).
34
Let d(q) be the third derivative of -q**6/120 - 3*q**5/10 + 19*q**4/24 + 2*q**3/3 + 1240*q**2. Determine d(-19).
4
Let o = -1668 + 1673. Let n(m) be the third derivative of 8*m**2 - 1/6*m**4 + 1/60*m**o + 0*m - 7/6*m**3 + 0. Calculate n(5).
-2
Let i be (-3)/(6/(-16)) + -2. Let n be (155/(-50) - -3) + 2674/140. Let j(v) = -v**3 + n*v - i*v**2 - 39*v + 16*v. Calculate j(-3).
-15
Let a = 68 + -122. Let r = a - -62. Suppose -r*y - 7*y + 15 = 0. Let n(h) = 2*h**3 + h**2 - h. Give n(y).
2
Let x be (-4 - -3 - 5)*(-2 + 0). Suppose 0 = 4*d - x. Let i(z) = -z**2 + 13*z**d + 1 - 10*z**3 + 9*z**3. Determine i(-1).
-12
Let s(d) = d**2 + 5*d - 2. Let i be s(-1). Let w(q) be the second derivative of -q**4/12 - q**3/3 - 7*q**2/2 + 13*q. Determine w(i).
-31
Suppose 0 = -6*x + 11 + 43. Suppose 55 - 10 = x*w. Let b(y) = -y**3 + 5*y**2 + 4. What is b(w)?
4
Let p(d) = d**2 + 3*d + 6. Let o(n) = n - 8. Suppose -3*a = -17 + 5. Let b be o(a). What is p(b)?
10
Let d = 40 + -29. Let x(i) = i**2 - 8*i + 1197. Let v(u) = -u - 298. Let b(c) = 4*v(c) + x(c). Determine b(d).
-6
Let c(g) = 49*g + 19. Let v be c(-2). Let o = v - -87. Let r(a) = -4*a - 4. Calculate r(o).
-36
Let o(x) = 93*x**2 + 14*x + 112. Let j(m) = 70*m**2 + 14*m + 107. Let i(u) = -4*j(u) + 3*o(u). What is i(-6)?
-44
Let r(o) = -o**3 - 8*o**2 + 8*o - 12. Let q = -17 + -25. Let h(m) = -2*m**2 + 39*m - 21. Let y be h(18). Let a = y + q. Determine r(a).
-3
Let m(a) = a**3 - 4*a**2 + 3*a. Let j(d) = 23*d + 120. Let b = -282 - -277. Let i be j(b). Determine m(i).
40
Let v(q) = -15 + 487*q**2 - 4 - 538*q**2 + 50*q**2. Suppose 4*g + 5*l + 10 = 0, -5*l = -6*g + 2*g + 10. Calculate v(g).
-19
Let q(k) be the first derivative of k**4/4 + 29*k**3/3 - 16*k**2 - 47*k - 3212. Calculate q(-30).
13
Let r = 4233 + -4227. Let w = -1 + 3. Let o(c) = -r*c - 9*c - c**2 + 10*c - 2*c - w. Determine o(-5).
8
Suppose 3*p = 5*v + 59 + 30, -5*p - 5*v + 175 = 0. Suppose 20 = 4*m, -z + 4*m + 11 = p. Let n(s) = 2*s**2 - s + 3. What is n(z)?
13
Let y(j) = -3*j**2 - j - 4. Let c = -123 - -120. Let s(n) = 2*n**2 + 2. Let o(f) = c*y(f) - 5*s(f). What is o(3)?
2
Let g(y) = -1 - 3*y + 0*y + 4*y. Suppose 0 = -3*x - 5*q + 31, 0 = -3*x + 7*q - 4*q - 9. Suppose 0 = x*d + 2*h - 2, 4*d - 72*h + 14 = -67*h. Give g(d).
-2
Let r(i) = 31*i - 53. Let q(a) = -18*a + 27. Let l = 7 + -3. Let z(b) = l*r(b) + 7*q(b). What is z(-9)?
-5
Let w(n) = n**2 + 5*n - 9. Let f be (-6)/((-3 - 0) + 2). Suppose -46 = f*l - 4. Give w(l).
5
Suppose 0*y - 2*y + 20 = 4*k, 5*y = 4*k - 6. Let o(u) be the second derivative of -u**4/12 - 3*u**2/2 - 11*u + 21. What is o(k)?
-19
Suppose 12*s + 20 = -8*s. Let g(b) = 2*b. Let a(y) = -y. Let h(w) = -w**3 - 3*w**2 + 4*w + 6. Let m be h(-4). Let r(c) = m*a(c) + 5*g(c). Calculate r(s).
-4
Suppose -3*g + 12 = -3. Let d = 18 + -17. Let u(o) = 2*o + 1. Let v(p) = -10*p + 3. Let n(b) = d*v(b) + 4*u(b). Determine n(g).
-3
Let g(m) = m**3 - 41*m**2 + 42*m - 77. Let w be g(40). Suppose -w*t + 36 - 39 = 0. Let i(r) = 25*r**2 - 2*r - 1. Determine i(t).
26
Suppose -24*j - 2737 = 407. Let z = -128 - j. Let f(g) = g**2 - 3*g + 0*g**2 + g**2 - 2. Calculate f(z).
7
Let m(y) = 7*y - 12. Let i be (2 - 0)/(((-406)/(-35))/(-29)). What is m(i)?
-47
Let a be ((0 - (2 + 2)) + 3)*-5. Suppose -8 = a*p - v, 2*p + 5*v - 10 - 3 = 0. Let f(i) be the second derivative of -5*i**3/3 + i**2/2 + 5*i. What is f(p)?
11
Let l(m) = -14*m + 0*m**2 + m**2 - 2*m**2 - 7. Let f be l(-13). Let w(p) = -p**2 + 7*p - 12. Let k be w(f). Let u(b) = -2*b - 9. Calculate u(k).
3
Let o(v) = -v**2 + 2*v + 2. Let t be o(3). Let z(y) = -8*y - 59. Let g be z(-9). Let u(a) = -11*a**3 - g*a + 1 + 17*a - 4*a. Calculate u(t).
12
Suppose 45 = -5*w + 5*h, 16*h - 10*h = 5*w + 51. Let r(g) = 3*g**3 + 7*g**2 + 6*g - 1. What is r(w)?
-37
Let k(f) = 36 + 14*f - 6*f**2 + 2*f**2 + 4*f**2 + f**2. Calculate k(-11).
3
Let k(i) = i + 2. Let n(c) = 9*c - 4. Let u be n(2). Suppose -u*v - 252 = -2*v. Let p be 57/v + (-1 - (-25)/35). What is k(p)?
-1
Let n(a) = 133*a + 2*a**2 + 22 - a**3 + 2*a**2 - 15 - 127*a. Let b = 76 - 71. Give n(b).
12
Let g(v) be the second derivative of -v**6/720 - v**5/120 + 11*v**4/12 + v**3/3 + 8*v. Let d(h) be the third derivative of g(h). Give d(-5).
4
Let z(k) = k**2 + 1425*k + 12750. Let i be z(-9). Let v(j) be the third derivative of -j**5/60 + 7*j**4/24 + j**3/6 + j**2. Determine v(i).
7
Let d = 9 - -7. Let r be 84/d - 1/4. Let o(s) = 5*s**3 + 38*s**2 + s - 6. Let k(l) = -4*l**3 - 29*l**2 - l + 5. Let h(w) = 9*k(w) + 7*o(w). Determine h(r).
-7
Let z(k) = -264*k - 16. Let y(f) = 196*f + 17. Let s(l) = 4*y(l) + 3*z(l). Calculate s(-5).
60
Let f(y) = 10*y**2 - y**2 + 0*y**3 - 5 + y**3 - 3*y**2. Let v = 3234 - 3240. Calculate f(v).
-5
Let h(c) = 24 + 19 + 30 - 62 + 21*c - 5*c. Calculate h(3).
59
Let m(k) = 20*k**2 - 2*k + 1. Suppose 18*l - 7*l = 0. Let c(s) = -5*s + 1. Let f be c(l). What is m(f)?
19
Let g(n) be the first derivative of -6*n + 1/2*n**2 + 190. Let k be -1 + (-1 - 1) - 2. Give g(k).
-11
Let u(c) = -c + 17. Let b = 3251 - 3244. Give u(b).
10
Let k(t) = t**3 + 10*t**2 + 12*t - 3. Let q be 180/(-12)*(-2)/10*-3. Give k(q).
-30
Let s = 7 + -4. Let f = 3586 - 3584. Let y(p) = 3*p + s - 2*p - 3 + p**2 - f. Give y(4).
18
Let c(r) = r - 5. Suppose -3*a - 225 + 78 = 0. Let j = 76 + a. Suppose 19*b = j*b - 32. Calculate c(b).
-1
Let a(g) be the second derivative of g**3/6 + g**2/2 + g. Let b be (4/(-8))/((-5)/(-10)). Give a(b).
0
Let p(s) be the first derivative of 90 + 9*s - 1/2*s**2. What is p(0)?
9
Let s be 10 + -11 - (586 - -1). Let l be 1 - (-2)/(-5) - s/70. Let t(g) = 5 - 5*g + g**2 + 0 + 6 - 5*g. Calculate t(l).
2
Let v(x) = -x**2 + 43*x - 121. Let n be v(40). Let o(s) = 7*s**2 - 6*s - 5. Give o(n).
8
Let f(g) = 10*g + 4. Let y(m) = m**2 + 57*m - 911. Let o be y(13). Give f(o).
-6
Let x(k) be the second derivative of -1/2*k**3 + 1/12*k**4 - 4*k + 2*k**2 + 3. Calculate x(4).
8
Let m(l) = -140*l + 124*l - 35 - 59. What is m(-6)?
2
Let h(i) = -i + 8. Suppose g = 5*z - 7, -25*g = -26*g + 2*z - 1. What is h(g)?
5
Let g(k) = 9*k + 7. Let q(h) = -3*h - 2. Let d(x) = 6*g(x) + 17*q(x). Suppose -6 = 5*s - 2*s, 2*s = -3*u + 62. Let w be (u/(-2) - (-3 + 1)) + 3. Calculate d(w).
-10
Let q = 2493 + -2482. Let b(z) be the second derivative of -1/6*z**3 + 0 - 1/2*z**2 + q*z. Give b(1).
-2
Let m(z) = -13*z - 2. Let c(w) = w**2 + 14*w + 41. Let u be -6*(5 - (-26)/(-6)). Let b be c(u). Give m(b).
-15
Let b(v) = -44*v + 919. Suppose 0 = -30*o + 27*o - 5*x + 23, -5*x = 40. Determine b(o).
-5
Let c(v) = -v**2 - 30*v + 5. Let j be c(-30). Suppose 12 = -4*p, j*s - 4*p - 12 = 7*s. Let w(r) = 2*r + 6. Give w(s).
6
Let u(b) = 3*b**2 + 4*b + 4. Suppose 31*v = 33*v - 22. Suppose v = 3*p + 6*y - 11*y, 6 = 2*p - 3*y. Determine u(p).
19
Let f(s) be the first derivative of s**5/20 + s**3/6 + 3*s**2/2 + 2*s + 36. Let b(g) be the second derivative of f(g). Calculate b(1).
4
Let j be (-218)/6*(10 + -5 - 2). Le